 common divisor of 8234 and 414.
46
Calculate the greatest common factor of 188 and 41266.
94
Calculate the greatest common divisor of 1908 and 7844.
212
What is the greatest common divisor of 480 and 195440?
80
Calculate the highest common divisor of 83 and 101509.
83
Calculate the highest common divisor of 410301 and 27.
9
Calculate the greatest common factor of 1232 and 28976.
16
Calculate the highest common divisor of 1290 and 8600.
430
What is the greatest common divisor of 36336 and 240?
48
Calculate the greatest common factor of 80 and 74192.
16
Calculate the greatest common divisor of 76275 and 525.
75
What is the greatest common factor of 24 and 910812?
12
What is the highest common divisor of 402 and 172257?
201
What is the highest common factor of 2330127 and 162?
81
What is the highest common factor of 4272324 and 1124?
1124
What is the greatest common divisor of 103733 and 90944?
1421
Calculate the greatest common divisor of 16461 and 1953.
279
Calculate the highest common factor of 335929 and 11.
11
Calculate the highest common factor of 385 and 12375.
55
What is the highest common factor of 461 and 503873?
461
Calculate the highest common factor of 60888 and 552.
24
What is the highest common factor of 10943 and 13061?
353
Calculate the highest common factor of 2824 and 1544.
8
What is the highest common divisor of 6771 and 8880?
111
Calculate the highest common divisor of 179416 and 984.
328
What is the highest common divisor of 2805 and 1825494?
561
Calculate the greatest common divisor of 154 and 184723.
77
What is the greatest common divisor of 2033029 and 202?
101
Calculate the greatest common factor of 14 and 3274838.
14
Calculate the greatest common divisor of 168314 and 46.
46
What is the highest common factor of 107 and 1395601?
107
What is the greatest common divisor of 171296 and 636?
212
What is the highest common divisor of 8330 and 735?
245
Calculate the greatest common factor of 48 and 7495512.
24
What is the greatest common divisor of 513 and 33459?
57
What is the highest common divisor of 18727 and 359804?
307
What is the greatest common factor of 687 and 38701?
229
Calculate the highest common divisor of 4 and 56108.
4
What is the greatest common divisor of 20181 and 166656?
651
Calculate the greatest common divisor of 33 and 732897.
33
Calculate the greatest common divisor of 768 and 32768.
256
Calculate the greatest common factor of 35 and 161795.
5
What is the highest common divisor of 22889 and 276616?
487
Calculate the greatest common factor of 465 and 91815.
15
What is the greatest common factor of 1169580 and 303?
303
What is the greatest common factor of 4138 and 18?
2
What is the greatest common factor of 175645 and 10?
5
What is the greatest common divisor of 27 and 7128?
27
What is the highest common divisor of 449240 and 165?
55
Calculate the highest common divisor of 59082 and 1376.
86
What is the greatest common factor of 1278 and 169761?
213
Calculate the greatest common divisor of 168 and 534408.
168
What is the highest common factor of 422093 and 119?
119
Calculate the greatest common factor of 1769 and 3599.
61
Calculate the highest common divisor of 27174 and 924.
42
Calculate the greatest common divisor of 110 and 17435.
55
What is the highest common divisor of 7520 and 9760?
160
What is the highest common factor of 5424 and 156?
12
Calculate the highest common divisor of 6408 and 1152.
72
Calculate the greatest common divisor of 50577 and 23456.
733
Calculate the greatest common divisor of 293447 and 54131.
2849
Calculate the highest common divisor of 8215 and 36797.
31
Calculate the highest common divisor of 261074 and 110.
22
What is the highest common divisor of 320 and 11552?
32
What is the greatest common factor of 369532 and 4?
4
What is the greatest common divisor of 36 and 6362724?
12
What is the highest common divisor of 47436 and 164964?
708
What is the greatest common factor of 1605 and 58208?
107
Calculate the highest common factor of 1816080 and 184.
184
Calculate the greatest common factor of 44 and 2167726.
22
Calculate the highest common factor of 96 and 55176.
24
Calculate the greatest common factor of 51604 and 114.
38
Calculate the highest common divisor of 110 and 42438.
22
What is the highest common factor of 239 and 248321?
239
Calculate the greatest common factor of 93 and 14601.
93
What is the highest common divisor of 82 and 166993?
41
Calculate the greatest common divisor of 79346 and 3298.
194
Calculate the greatest common divisor of 1712 and 626378.
214
What is the highest common factor of 60 and 427650?
30
What is the highest common divisor of 1558 and 40303?
41
Calculate the highest common factor of 291051 and 438.
219
What is the highest common factor of 19716 and 93?
93
Calculate the greatest common factor of 145 and 3637470.
145
What is the greatest common divisor of 4097 and 34?
17
What is the greatest common divisor of 39 and 1437423?
39
Calculate the greatest common factor of 16456 and 4301.
187
What is the highest common divisor of 88688 and 736?
368
What is the highest common factor of 35 and 2430?
5
Calculate the greatest common divisor of 59967 and 243.
27
Calculate the greatest common divisor of 332 and 502150.
166
What is the highest common factor of 219826 and 6?
2
What is the greatest common factor of 7678 and 286?
22
Calculate the highest common factor of 110556 and 740.
148
Calculate the greatest common factor of 22016 and 84624.
688
Calculate the greatest common factor of 686 and 119021.
343
Calculate the highest common divisor of 72 and 328.
8
Calculate the greatest common factor of 216513 and 198.
99
Calculate the greatest common factor of 1235 and 5590.
65
What is the greatest common factor of 11 and 362923?
11
Calculate the greatest common divisor of 30 and 253245.
15
What is the greatest common factor of 28397 and 37344?
389
What is the greatest common factor of 1498 and 4708963?
749
Calculate the greatest common factor of 168 and 47544.
168
Calculate the greatest common divisor of 281 and 440889.
281
What is the greatest common divisor of 5684 and 791?
7
Calculate the highest common divisor of 15 and 15465.
15
What is the highest common divisor of 144 and 224?
16
What is the greatest common factor of 380 and 501030?
190
Calculate the greatest common factor of 104951 and 1617.
77
What is the greatest common divisor of 2616176 and 113?
113
Calculate the highest common divisor of 464723 and 44821.
2359
What is the greatest common factor of 21840 and 13533?
39
Calculate the greatest common factor of 398250 and 540.
270
What is the greatest common factor of 8722 and 12193?
89
Calculate the greatest common factor of 63571 and 34943.
421
What is the greatest common divisor of 3978 and 8424?
234
What is the highest common divisor of 36 and 72528?
12
Calculate the highest common divisor of 101463 and 930.
93
Calculate the greatest common factor of 172599 and 56.
7
What is the highest common factor of 1344 and 202272?
672
What is the highest common factor of 438 and 15549?
219
What is the greatest common factor of 1459551 and 303?
303
What is the greatest common factor of 21 and 3768891?
21
What is the highest common factor of 10290 and 20?
10
What is the greatest common factor of 5440 and 2080?
160
Calculate the greatest common divisor of 685686 and 6.
6
What is the greatest common factor of 9961560 and 268?
268
Calculate the greatest common factor of 236 and 13983.
59
Calculate the highest common factor of 483 and 28.
7
What is the greatest common factor of 197860 and 2340?
260
Calculate the highest common factor of 50 and 84190.
10
What is the greatest common divisor of 28 and 24640?
28
Calculate the greatest common divisor of 125 and 2115.
5
What is the highest common factor of 9600 and 381200?
400
Calculate the highest common factor of 221 and 6227.
13
Calculate the greatest common factor of 737 and 1881.
11
Calculate the highest common factor of 5544 and 10836.
252
What is the greatest common factor of 43146 and 408?
102
What is the greatest common divisor of 4408 and 27173?
29
What is the highest common divisor of 1108731 and 39?
39
What is the greatest common divisor of 99863 and 37?
37
What is the highest common factor of 754 and 8112